actor of 20405358?
True
Is 53 a factor of 3675111802?
False
Is 28 a factor of 17039624?
True
Is 88525216 a multiple of 26?
True
Does 2 divide 26430923?
False
Is 306996156 a multiple of 4?
True
Does 597 divide 6400327?
False
Is 62 a factor of 42100338?
False
Does 51 divide 34786947?
True
Is 14 a factor of 73269462?
True
Is 267903957 a multiple of 2621?
False
Is 259 a factor of 1431335010?
True
Does 80 divide 866339760?
True
Is 1999852538 a multiple of 71?
False
Does 4 divide 2037721408?
True
Does 643 divide 17137568?
False
Is 13620020 a multiple of 147?
False
Is 77 a factor of 1146362903?
False
Is 45389464 a multiple of 14?
False
Is 105 a factor of 268653525?
True
Is 139684052 a multiple of 17?
False
Is 5 a factor of 177326355?
True
Is 935 a factor of 60096190?
True
Is 4442003 a multiple of 47?
False
Is 54738763 a multiple of 4?
False
Is 345 a factor of 43506143?
False
Does 21 divide 40964015?
False
Does 539 divide 493928281?
True
Is 633851458 a multiple of 25?
False
Is 15445797 a multiple of 831?
True
Does 308 divide 44687826?
False
Does 63 divide 249593463?
True
Does 1724 divide 183065135?
False
Is 6329603365 a multiple of 785?
True
Does 1895 divide 17573463?
False
Is 124 a factor of 37395920?
True
Is 23 a factor of 211552091?
True
Is 116 a factor of 55391624?
True
Does 237 divide 1123659660?
True
Is 125073471 a multiple of 200?
False
Is 1231725 a multiple of 281?
False
Is 77140384 a multiple of 8?
True
Is 26509050 a multiple of 15?
True
Is 2504642434 a multiple of 497?
True
Is 2113500 a multiple of 125?
True
Is 330 a factor of 1053659935?
False
Is 30660264 a multiple of 14?
False
Is 5957292125 a multiple of 1786?
False
Does 19 divide 524762318?
False
Is 3 a factor of 17201942?
False
Does 25 divide 37518600?
True
Does 56 divide 2468405?
False
Is 28487656 a multiple of 808?
True
Does 27 divide 1301157216?
True
Is 22 a factor of 276454244?
True
Does 22 divide 186117074?
True
Is 8 a factor of 596021488?
True
Does 492 divide 6497844?
True
Is 9335 a factor of 2541795259?
False
Does 118 divide 100441364?
True
Is 6217818 a multiple of 1956?
False
Is 17985762 a multiple of 18?
True
Does 344 divide 14557806?
False
Does 238 divide 15779819?
False
Is 34 a factor of 3722599548?
True
Does 384 divide 907724544?
True
Does 2162 divide 4635328?
True
Is 7497831 a multiple of 4?
False
Is 244 a factor of 28296924?
True
Is 208259690 a multiple of 72?
False
Is 42 a factor of 1274503566?
True
Is 117789609 a multiple of 1496?
False
Does 45 divide 1171460880?
True
Is 537 a factor of 796938609?
True
Does 622 divide 18708516?
True
Does 1415 divide 47849640?
True
Does 9 divide 25188390?
True
Is 15 a factor of 552389775?
True
Does 2571 divide 341922432?
True
Is 232875929 a multiple of 435?
False
Is 1966888428 a multiple of 17?
False
Is 2152990 a multiple of 38?
False
Is 2288866798 a multiple of 9?
False
Is 82659199 a multiple of 37?
False
Is 290 a factor of 9651008?
False
Does 3179 divide 1567801370?
False
Does 93 divide 2418279?
True
Does 1328 divide 18900855?
False
Is 108936441 a multiple of 789?
True
Does 51 divide 23202502?
False
Does 19 divide 5338468?
True
Is 958 a factor of 117852278?
False
Is 1712 a factor of 458086688?
True
Is 863 a factor of 472691825?
False
Does 1237 divide 103280841?
True
Does 84 divide 680491728?
True
Is 25895168 a multiple of 552?
False
Is 1660843866 a multiple of 1785?
False
Is 5236196385 a multiple of 105?
True
Is 4 a factor of 846031?
False
Is 981 a factor of 1160737839?
True
Is 73605135 a multiple of 125?
False
Is 670054456 a multiple of 6685?
False
Does 365 divide 4894397495?
False
Is 591 a factor of 1230924753?
True
Does 29 divide 7280713?
False
Does 8 divide 178557740?
False
Is 239815603 a multiple of 729?
False
Is 218 a factor of 16950154?
True
Is 7 a factor of 1183736253?
True
Does 70 divide 1418377170?
True
Does 19 divide 1401593930?
False
Does 959 divide 792964300?
False
Is 238 a factor of 7534594564?
False
Is 195 a factor of 549085586?
False
Is 23 a factor of 5830165?
False
Is 978 a factor of 78889291?
False
Is 5643 a factor of 1432466297?
False
Is 129385725 a multiple of 40?
False
Is 345 a factor of 67284162?
False
Is 732 a factor of 75546792?
True
Is 1868298325 a multiple of 35?
False
Does 67 divide 2381783?
True
Is 237 a factor of 666373275?
False
Does 670 divide 29088720?
True
Does 10 divide 27822667?
False
Does 49 divide 103962516?
True
Is 2 a factor of 339955830?
True
Does 27 divide 255417022?
False
Is 226984936 a multiple of 1806?
False
Does 351 divide 242510112?
True
Does 5 divide 8201105?
True
Does 140 divide 1115937071?
False
Is 243107094 a multiple of 257?
True
Is 51 a factor of 330364171?
False
Is 241367600 a multiple of 28?
False
Does 228 divide 7157382?
False
Is 25 a factor of 65021638?
False
Is 43170452 a multiple of 898?
True
Does 856 divide 906670654?
False
Is 96 a factor of 2030525635?
False
Is 66 a factor of 2313887?
False
Does 35 divide 377269710?
False
Does 423 divide 19408509?
True
Is 41966972 a multiple of 38?
True
Is 14 a factor of 63283880?
False
Is 1180 a factor of 963788600?
True
Does 707 divide 62849472?
True
Does 11 divide 1648212654?
True
Is 519549882 a multiple of 38?
False
Does 3 divide 2517345?
True
Does 144 divide 24662160?
True
Does 234 divide 13812552?
True
Is 220853659 a multiple of 1492?
False
Is 959 a factor of 288282479?
False
Is 5588177028 a multiple of 2967?
False
Is 1515 a factor of 7032917?
False
Does 24 divide 20171448?
True
Is 111626142 a multiple of 381?
True
Is 18 a factor of 522932310?
True
Does 9 divide 17519524?
False
Does 2005 divide 126671049?
False
Is 8 a factor of 15820616?
True
Does 2901 divide 111218538?
True
Is 25841018 a multiple of 1074?
False
Is 16 a factor of 587897072?
True
Is 23154310 a multiple of 3?
False
Does 2092 divide 1545203336?
False
Is 3 a factor of 40875099?
True
Does 198 divide 31148964?
True
Does 22 divide 5891776?
True
Is 6152963358 a multiple of 4623?
True
Is 119 a factor of 11719372?
False
Does 55 divide 1446478855?
False
Is 1711287077 a multiple of 179?
True
Is 46487364 a multiple of 34?
False
Is 45414386 a multiple of 178?
True
Is 69 a factor of 8775351?
True
Is 24832734 a multiple of 38?
True
Is 5 a factor of 16557645?
True
Does 826 divide 47311189?
False
Is 3 a factor of 8883461?
False
Does 1591 divide 288201934?
False
Is 28249958 a multiple of 181?
False
Does 1018 divide 808111255?
False
Is 5324500 a multiple of 575?
True
Is 59792758 a multiple of 211?
True
Is 243 a factor of 23050494?
True
Is 1008174669 a multiple of 118?
False
Does 108 divide 4013496?
True
Does 2 divide 309133884?
True
Is 21 a factor of 176627220?
True
Is 603 a factor of 193004570?
False
Is 5 a factor of 35490434?
False
Does 20 divide 31698331?
False
Is 215653416 a multiple of 33?
True
Is 1938376814 a multiple of 9482?
True
Is 11307178 a multiple of 306?
False
Is 3748531 a multiple of 140?
False
Is 642 a factor of 3098292?
True
Does 19 divide 400380898?
False
Does 10 divide 17287872?
False
Is 50045250 a multiple of 13?
False
Does 402 divide 35043948?
True
Is 871075712 a multiple of 71?
True
Is 21792690 a multiple of 730?
True
Does 5 divide 17065451?
False
Is 1373 a factor of 1384916236?
False
Is 226 a factor of 670124563?
False
Does 8436 divide 1670454540?
True
Is 140679916 a multiple of 52?
True
Does 252 divide 44168544?
True
Is 3200 a factor of 5722078144?
False
Is 29037647 a multiple of 7?
False
Does 317 divide 632191892?
False
Does 50 divide 1388489950?
True
Does 46 divide 25263126?
False
Is 178213284 a multiple of 18?
True
Is 795 a factor of 1068488745?
True
Is 10954781 a multiple of 38?
False
Is 1547419575 a multiple of 65?
True
Is 53380442 a multiple of 115?
False
Is 606636963 a multiple of 125?
False
Is 2075692176 a multiple of 267?
True
Does 65 divide 47148387?
False
Does 532 divide 80426597?
False
Does 6784 divide 1704717440?
True
Is 24850424 a multiple of 244?
True
Does 671 divide 1747359823?
True
Does 627 divide 77456445?
True
Is 23985404 a multiple of 103?
True
Is 212244450 a multiple of 3070?
True
Is 729367650 a multiple of 550?
True
Does 37 divide 4376150?
False
Is 20264536 a multiple of 568?
True
Is 1668508110 a multiple of 4965?
True
Is 1244 a factor of 48903101?
False
Does 915 divide 212214120?
True
Does 60 divide 2621649480?
True
Does 198 divide 24682482